emainder when 4208 is divided by 120.
8
Calculate the remainder when 5639 is divided by 1111.
84
What is the remainder when 463078 is divided by 13?
5
Calculate the remainder when 4797 is divided by 384.
189
What is the remainder when 14538 is divided by 45?
3
What is the remainder when 14889 is divided by 85?
14
Calculate the remainder when 6241 is divided by 6234.
7
What is the remainder when 1692 is divided by 1407?
285
Calculate the remainder when 136294 is divided by 1405.
9
What is the remainder when 2444 is divided by 359?
290
Calculate the remainder when 86996 is divided by 290.
286
What is the remainder when 65753 is divided by 137?
130
What is the remainder when 112013 is divided by 415?
378
What is the remainder when 4287919 is divided by 1235?
1234
Calculate the remainder when 173904 is divided by 2804.
56
What is the remainder when 680195 is divided by 106?
99
What is the remainder when 25228 is divided by 243?
199
Calculate the remainder when 2052 is divided by 1013.
26
Calculate the remainder when 3511 is divided by 47.
33
Calculate the remainder when 43735 is divided by 81.
76
Calculate the remainder when 163198 is divided by 136.
134
What is the remainder when 2753 is divided by 18?
17
What is the remainder when 16803 is divided by 51?
24
Calculate the remainder when 50 is divided by 4.
2
What is the remainder when 162552 is divided by 149?
142
What is the remainder when 1756 is divided by 614?
528
Calculate the remainder when 6078 is divided by 1289.
922
Calculate the remainder when 18556 is divided by 714.
706
Calculate the remainder when 48292 is divided by 487.
79
Calculate the remainder when 138310 is divided by 104.
94
Calculate the remainder when 7219 is divided by 54.
37
What is the remainder when 6692 is divided by 12?
8
What is the remainder when 19218 is divided by 51?
42
Calculate the remainder when 799 is divided by 118.
91
Calculate the remainder when 6037 is divided by 105.
52
What is the remainder when 14725 is divided by 460?
5
Calculate the remainder when 161103 is divided by 131.
104
What is the remainder when 288651 is divided by 31?
10
Calculate the remainder when 65045 is divided by 32477.
91
Calculate the remainder when 64437 is divided by 4953.
48
What is the remainder when 35963 is divided by 55?
48
What is the remainder when 2885 is divided by 140?
85
Calculate the remainder when 42385 is divided by 396.
13
What is the remainder when 5520 is divided by 698?
634
Calculate the remainder when 156547 is divided by 1820.
27
What is the remainder when 124721 is divided by 39?
38
Calculate the remainder when 10033 is divided by 37.
6
Calculate the remainder when 1469 is divided by 79.
47
Calculate the remainder when 839820 is divided by 76346.
14
Calculate the remainder when 4568 is divided by 922.
880
What is the remainder when 27247 is divided by 1139?
1050
What is the remainder when 6710 is divided by 958?
4
What is the remainder when 6458 is divided by 102?
32
Calculate the remainder when 31900 is divided by 10625.
25
Calculate the remainder when 93140 is divided by 52.
8
Calculate the remainder when 3328 is divided by 892.
652
What is the remainder when 1599 is divided by 18?
15
What is the remainder when 34013 is divided by 33?
23
Calculate the remainder when 78879 is divided by 40.
39
What is the remainder when 285067 is divided by 19?
10
Calculate the remainder when 1256 is divided by 36.
32
What is the remainder when 2469 is divided by 27?
12
What is the remainder when 5161 is divided by 1662?
175
What is the remainder when 103137 is divided by 25784?
1
What is the remainder when 795123 is divided by 265041?
0
What is the remainder when 464 is divided by 30?
14
What is the remainder when 6702 is divided by 446?
12
Calculate the remainder when 18527 is divided by 3086.
11
What is the remainder when 3484 is divided by 384?
28
Calculate the remainder when 5187 is divided by 1593.
408
Calculate the remainder when 206940 is divided by 44.
8
Calculate the remainder when 159821 is divided by 283.
209
Calculate the remainder when 386194 is divided by 77232.
34
Calculate the remainder when 18179 is divided by 607.
576
Calculate the remainder when 195872 is divided by 19585.
22
Calculate the remainder when 19590 is divided by 180.
150
What is the remainder when 10789 is divided by 1532?
65
What is the remainder when 1062 is divided by 234?
126
Calculate the remainder when 3608 is divided by 91.
59
What is the remainder when 8302 is divided by 1470?
952
What is the remainder when 39072 is divided by 54?
30
What is the remainder when 607284 is divided by 206?
202
Calculate the remainder when 1342 is divided by 1315.
27
Calculate the remainder when 84536 is divided by 27.
26
What is the remainder when 90373 is divided by 125?
123
What is the remainder when 3815 is divided by 101?
78
Calculate the remainder when 15122 is divided by 126.
2
What is the remainder when 5324 is divided by 811?
458
What is the remainder when 220676 is divided by 12?
8
What is the remainder when 213627 is divided by 11?
7
Calculate the remainder when 59602 is divided by 11918.
12
What is the remainder when 19630 is divided by 19?
3
Calculate the remainder when 4179 is divided by 46.
39
Calculate the remainder when 1351 is divided by 441.
28
Calculate the remainder when 10692 is divided by 24.
12
Calculate the remainder when 174319 is divided by 20.
19
What is the remainder when 80331 is divided by 659?
592
What is the remainder when 2818 is divided by 74?
6
What is the remainder when 8961 is divided by 128?
1
Calculate the remainder when 423431 is divided by 72.
71
What is the remainder when 765 is divided by 547?
218
Calculate the remainder when 30962 is divided by 49.
43
What is the remainder when 20294 is divided by 118?
116
Calculate the remainder when 6516 is divided by 105.
6
Calculate the remainder when 4712 is divided by 4663.
49
Calculate the remainder when 6012 is divided by 10.
2
Calculate the remainder when 25553 is divided by 1703.
8
What is the remainder when 44807 is divided by 11?
4
What is the remainder when 13785 is divided by 270?
15
What is the remainder when 2835 is divided by 539?
140
Calculate the remainder when 176789 is divided by 1524.
5
What is the remainder when 15228 is divided by 1522?
8
Calculate the remainder when 111312 is divided by 279.
270
What is the remainder when 460148 is divided by 25?
23
Calculate the remainder when 47303 is divided by 249.
242
What is the remainder when 28717 is divided by 243?
43
Calculate the remainder when 6112 is divided by 116.
80
Calculate the remainder when 1333 is divided by 148.
1
Calculate the remainder when 692 is divided by 140.
132
What is the remainder when 362 is divided by 331?
31
What is the remainder when 18142 is divided by 422?
418
Calculate the remainder when 2903 is divided by 534.
233
What is the remainder when 505950 is divided by 163?
161
Calculate the remainder when 6304 is divided by 350.
4
Calculate the remainder when 446 is divided by 15.
11
Calculate the remainder when 130473 is divided by 323.
304
What is the remainder when 732 is divided by 171?
48
Calculate the remainder when 150746 is divided by 327.
326
Calculate the remainder when 6430 is divided by 305.
25
What is the remainder when 110214 is divided by 993?
984
What is the remainder when 4979 is divided by 1471?
566
Calculate the remainder when 1468 is divided by 23.
19
What is the remainder when 105916 is divided by 1826?
8
What is the remainder when 411 is divided by 324?
87
Calculate the remainder when 5313 is divided by 652.
97
Calculate the remainder when 121114 is divided by 6.
4
Calculate the remainder when 17820 is divided by 1979.
9
Calculate the remainder when 489373 is divided by 225.
223
What is the remainder when 3296 is divided by 3?
2
Calculate the remainder when 3038 is divided by 63.
14
Calculate the remainder when 8006 is divided by 154.
152
What is the remainder when 1030339 is divided by 257584?
3
Calculate the remainder when 26927 is divided by 408.
407
What is the remainder when 23998 is divided by 300?
298
Calculate the remainder when 27777 is divided by 591.
0
Calculate the remainder when 117308 is divided by 117273.
35
Calculate the remainder when 551708 is div